t t be f(-10). Let q = t + 1. What is the units digit of 1/q + 31/5?
6
Let v(p) be the first derivative of -5*p**2/2 - 4*p - 3. What is the tens digit of v(-3)?
1
Let s(g) = -g - 3. Suppose 0*p - 24 = 3*p. Let n be s(p). Suppose 0 = n*o - 46 + 1. What is the units digit of o?
9
Let y = 25 - -6. What is the tens digit of y?
3
Let i(a) = -a + 1. Let o be i(3). What is the units digit of (-6)/(1 - (-6)/o)?
3
Suppose -8*g = -3*g. Suppose 3*s - 45 = -g*s. What is the units digit of s?
5
Suppose o = -o + 20. Suppose o = 2*a - 2*x, 2*x - 7 + 19 = 4*a. What is the units digit of a?
1
Suppose 4*j - 25 = -j. Suppose -5*n = -2*n + 3*k - 6, 0 = -j*n - k + 14. Suppose -n - 5 = -4*p. What is the units digit of p?
2
Suppose l + 3*p - 8 = -4*l, 36 = 5*l - 4*p. Suppose l*t - 26 = -2. What is the units digit of t?
6
Let s(n) = 3*n**2 - 3*n**2 + 2*n**2. Let b be s(-1). Suppose b*t = 7 + 3. What is the units digit of t?
5
Let k(r) be the first derivative of -r**4/4 + 3*r**3 - r**2/2 + 10*r - 4. What is the units digit of k(9)?
1
Let v be 38/8 + (-1)/(-4). Let c = v + -1. Let g(u) = -u**2 + 6*u - 1. What is the units digit of g(c)?
7
Suppose -5*a = 2*j - 447, -773 - 295 = -5*j + 4*a. What is the hundreds digit of j?
2
Let t(f) = 10*f**2 + 3*f - 4. What is the tens digit of t(-3)?
7
Let v(r) = -r**2 + 8*r - 3. Let l be v(8). Let f = l - -6. What is the units digit of (1/f)/1*3?
1
Suppose 143 = 4*d - 217. Suppose 5*h - d = -2*f, -f - 3 = -h + 8. What is the tens digit of h?
1
Suppose r - 46 = -3*k, 2*k - 4*k = 4*r - 144. What is the units digit of r?
4
Let c = 19 - -24. What is the units digit of c?
3
Suppose 7 = 5*w - 2*w - 5*k, -2*k + 18 = 4*w. Suppose -21 = -5*h + w. Suppose -2*p - p - 39 = -3*z, 4*p = -h*z + 20. What is the units digit of z?
8
Let y = -253 - 153. What is the units digit of y/(-49) + (-4)/14?
8
Let x(z) = 10*z - 7. What is the tens digit of x(4)?
3
Suppose 3*p - 2*p = 0. Suppose -4*y + y - 2*x + 37 = p, -21 = -y - 5*x. What is the tens digit of y?
1
Let o(t) = -t**2 + 15*t - 22. Let l be o(10). Suppose -5*y = -3*y - l. What is the tens digit of y?
1
Let m(w) = w**2 - 13*w - 11. What is the units digit of m(14)?
3
Suppose -2*u = -7*u + 440. What is the units digit of u?
8
Suppose -s = -0*s - 4. Suppose s*f + j = -0*j, 5*f = -j + 1. What is the units digit of f?
1
Let d(q) = 3 - 2*q + 2*q**2 - 6*q - 3*q**2. What is the tens digit of d(-7)?
1
Let n be -2 + 8 + (3 - 3). Let f = n + -5. What is the units digit of f?
1
Suppose -4*b + b + 4*h = -556, -4*b + 760 = 4*h. What is the units digit of b?
8
Let s = 115 - 80. What is the tens digit of s?
3
Suppose 20 = 4*k - 9*k. Let r(l) = -2 + l**3 + 3*l + 2*l + 6*l**2 + 0*l**3. What is the units digit of r(k)?
0
Let b(d) be the second derivative of 5*d**3/6 - 3*d**2/2 - 2*d. What is the units digit of b(2)?
7
Suppose -l = 5*u - u - 30, -l = -2*u + 12. Suppose u = a - 4. What is the tens digit of a?
1
Let p = 58 - -45. What is the tens digit of p?
0
Let g be (-1)/(((-3)/(-2))/(-3)). Suppose 0 = g*j - 4*n + 4, 3*j - 30 = -3*n - 0*n. What is the units digit of j?
6
Let p = 10 - -32. What is the tens digit of p?
4
Let l(g) = -g**3 - 2*g**2 - g + 1. Let y be l(-2). Let h = 3 - y. Suppose -o - 2*o + 21 = h. What is the units digit of o?
7
Let j = -13 - -19. What is the units digit of j?
6
Let f be (-3)/2 + 49/2. Let t = f + -12. What is the tens digit of t?
1
Suppose -6*h + 1017 = 3*h. What is the tens digit of h?
1
Suppose 3*f + d + 58 = 0, 6*d - d - 16 = 2*f. Let n(b) = 5*b - 3. Let s be n(6). Let p = s + f. What is the units digit of p?
9
Let v = -327 + 538. What is the tens digit of v?
1
Suppose 0*l = 2*l - 6. Suppose 4 = l*b - 2. Suppose 4*a - b*d = 0, d + 2 = 4*a - 0. What is the units digit of a?
1
Suppose -55 - 53 = -4*c. What is the tens digit of c?
2
Suppose -h = -5*q + 86, 3*q - 89 = 3*h + 133. Let v = -44 - h. Suppose 0 = -5*p - 5*r + 40, r = 6*p - 2*p - v. What is the units digit of p?
7
Suppose 0 = 2*r + 3*p - 209, -p + 4*p = 2*r - 203. What is the units digit of r?
3
Let z(y) = -8*y - 8. Let x be z(-6). Let s = x - 23. What is the tens digit of s?
1
Suppose 10*o = 1637 + 293. What is the tens digit of o?
9
Let i(x) = 8*x + 7. Let y be i(-8). What is the tens digit of (-6)/12 + y/(-2)?
2
Suppose -1 - 3 = t. What is the units digit of t*(-6)/16*2?
3
Suppose 5*q - 2*i - i - 351 = 0, -69 = -q + i. What is the units digit of ((-1)/2)/((-4)/q)?
9
Let z = 2 + -2. Suppose 0 = 5*x - 2*n + 10, 5*x + 6*n - n - 25 = z. What is the units digit of x + 1*(6 - -3)?
9
Let m(t) = -t**3 + 4*t**2 + 5*t + 1. Let x be m(5). Suppose -z = 3*q - 86, -5*q + 2*z = -x - 146. What is the units digit of q?
9
Let p = 16 + -11. What is the units digit of p?
5
Suppose 2*v = 3*v + 7. What is the units digit of (0 + -1)/(v/21)?
3
Let o(x) = -2*x + 3. Let k be o(0). What is the units digit of 3*((-19)/(-3) - k)?
0
Let v = 2 + -1. Let u = 7 - v. What is the units digit of u?
6
Let s = -21 + 34. Suppose 4*z - s = 3. What is the units digit of z?
4
Suppose -5*g = 4 - 64. Let j(r) = -r**2 + 4*r + 1. Let s be j(3). Suppose -4 = s*f - g. What is the units digit of f?
2
Suppose -12*t + 2*t = -110. What is the units digit of t?
1
Suppose -14 = 5*z + 21. Let s(l) = l**3 + 7*l**2 - l - 6. Let i be s(z). What is the units digit of i/(-3) - 102/(-9)?
1
Let f be (-3)/((-30)/(-8) - 3). What is the units digit of 17 - f*(-2)/(-4)?
9
Let l = -34 - -74. Let d = l - 28. Suppose -5*m + d = -2*m. What is the units digit of m?
4
Let p(o) = 2*o**2 - 12*o + 18. What is the units digit of p(7)?
2
Suppose -5*m + 126 = 2*a - 402, 0 = -5*m + 2*a + 532. What is the units digit of m?
6
Let o be (-1)/2*(10 - 0). Let p(y) = y**3 + 7*y**2 + 7*y - 2. What is the tens digit of p(o)?
1
Suppose -2*d - 85 = -7*d. Suppose 0 = -5*v + 5 - 0. Suppose -r + 3*g + 10 = 0, 2*r - 4*g - d = -v. What is the units digit of r?
4
Let k(y) = 6*y**3 - y**2 + y + 1. What is the units digit of k(1)?
7
Let o(p) = -49*p - 21. What is the hundreds digit of o(-3)?
1
Let l(x) = -x**2 - 9*x + 3. Let b be l(-11). What is the units digit of b/(-7) - 20/(-70)?
3
Let n = -12 - -12. What is the tens digit of 25 + n + -1 + -1?
2
Let g(p) = 47*p - 4. What is the units digit of g(3)?
7
Let u = 16 - 14. Suppose 4*g - 48 = s + 28, u*g - 16 = -5*s. What is the units digit of g?
8
Let u be (-18)/(-5)*80/12. What is the units digit of 10/3*u/20?
4
Let c(m) = -11*m**3 + 29*m**2 + 45*m + 1. Let k(z) = -5*z**3 + 14*z**2 + 22*z + 1. Let n(b) = 6*c(b) - 13*k(b). What is the tens digit of n(-6)?
1
Suppose -p + 6 = 5*d, 3*d = d + 2*p + 12. Let u be 26/8 + d/(-8). Suppose j + 2*i = 5, u*i + 10 = 5*j - 41. What is the units digit of j?
9
Let l = -5 + 8. Suppose -23 = -0*u - l*u - 2*h, 10 = -2*h. What is the tens digit of u?
1
Suppose 5*i - 140 = -0*i. What is the tens digit of i?
2
Suppose j = -6*f + f + 9, 3*f - 10 = 4*j. What is the tens digit of (-1)/2*(f - 54)?
2
Let t be (-6)/15 + 66/15. Let y be 3 + (t/2)/(-1). Suppose -2 - y = -z. What is the units digit of z?
3
Let x be 206 + 0 + 8 + -4. Suppose -3*r + x = 2*r. What is the units digit of r?
2
Let v(h) = -h**2 + 11*h. What is the tens digit of v(6)?
3
Let g be (-1 - -1)/(-1 - -2). Let j = 0 + g. Suppose 0 = -5*f - 25, 5*q = -f - j*f + 35. What is the units digit of q?
8
Let f(m) be the first derivative of 2*m**2 + m - 2. What is the units digit of f(1)?
5
Let f(s) = 2*s + 70. What is the units digit of f(0)?
0
What is the units digit of (9/(-2))/(2/24*-2)?
7
Let b be ((-2)/(-2) - -1)/(-2). Let w be 2/(-2 + -2 + 2). What is the units digit of -1 - (w - 0) - b?
1
What is the tens digit of 12/(-4)*155/(-15)?
3
Let s(i) = -i**3 + 5*i**2 - 4*i - 4. Let u be s(4). Let x be (-1)/u - (-238)/8. Suppose -3*p + 0 = -x. What is the tens digit of p?
1
Suppose 205 = 5*c - 0*c + 5*v, 160 = 5*c - 4*v. What is the tens digit of c?
3
Let c(y) = -y - 6. Let t be (-6)/(-8)*(-8)/2. Let d be 2/t + 44/(-6). What is the units digit of c(d)?
2
Let l(z) = 14*z**2 - 3*z + 1. Let s(h) = h**2 - h. Let t(m) = l(m) - 3*s(m). What is the units digit of t(-1)?
2
What is the tens digit of 0 + (69 - 1 - (4 + -4))?
6
Let s(b) = b**3 + 11*b**2 - 2. Let n be s(-11). What is the units digit of n/(-2) + -2 + 9?
8
Let s be (6/15)/(1/110). Suppose s + 26 = 5*l. What is the tens digit of l?
1
Let 